(h) = h - h**3 + 2*h**2 - 21 + 22 - 2*h + 2*h**3. Let m(r) = 2*r**3 + 2*r**2 - r. Let i(n) = -3*b(n) + 2*m(n). What is i(3)?
9
Let g = 5 + -3. Suppose -12 = -0*a + a + 4*d, -g*a = -2*d - 6. Let k(y) = 464*y**2 - 229*y**2 - 234*y**2 - 13. Calculate k(a).
-13
Let b(r) = 4*r. Suppose 44*l - 54*l = -40. What is b(l)?
16
Let n(z) be the third derivative of -z**6/120 - 7*z**5/20 + 7*z**4/8 - 23*z**3/6 - 143*z**2. What is n(-22)?
-1
Let f(p) = p**3 + 10*p**2 - 11*p + 1. Suppose 0*d - 4*d = 44. Give f(d).
1
Let h(o) be the first derivative of o**2/2 + 5*o + 2. Let d be (-18)/(-8)*56/3. Suppose -25*v = -31*v - d. What is h(v)?
-2
Let d = 692 - 689. Let h(z) = -5*z + 9. Determine h(d).
-6
Let q(d) be the second derivative of -d**3/6 + 25*d**2/2 + 676*d. Calculate q(14).
11
Let b(t) = -3*t + 4*t**2 - 5*t**2 - 3*t**2 - t**3 - 1 + 0*t**2. Calculate b(-3).
-1
Let v(m) = 0*m + 7*m - 3*m + 3. Suppose 0 = -31*n + 33*n - 44. Suppose 0 = -n*c + 17*c - 10. What is v(c)?
-5
Let q(s) = s**3 + s + 3. Let x(r) = 5*r**3 + 51*r**2 + 9*r + 11. Let m be x(-10). Let p(i) = -i**2 - 4*i. Let v be p(3). Let g = v + m. Determine q(g).
3
Let v(u) = u**3 + u**2 + u - 1. Let l(i) = -2*i**3 - 3*i**2 - 2*i + 1. Let a(h) = 2*l(h) + 5*v(h). Give a(-2).
-17
Let g be (2/4)/(43/(-86)). Let z(d) = -28*d**2 + d. Determine z(g).
-29
Let n(c) = -c**2 + 3*c - 4. Suppose -1 + 3 = y. Let j(u) = -1 + 0*u**2 + 0*u**2 - 2*u + y*u**2. Let p be j(-1). Give n(p).
-4
Let j(n) = n**3 + 7*n**2 + 4*n - 5. Let w = 31 - 29. Suppose 0 = -w*l - 12. Determine j(l).
7
Let y(t) = 754*t + 3 - 750*t - 6. Let s(k) = 3*k - 3. Let o(w) = 5*s(w) - 4*y(w). Give o(-2).
-1
Suppose -5 = -3*d - 2*d. Let y(f) be the third derivative of 11*f**5/60 + f**3/6 + 27*f**2. Calculate y(d).
12
Let j = -6 + -2. Let y(g) be the first derivative of 4*g**2 + 88 - 138 - 5*g**2 - 12*g. What is y(j)?
4
Let l = -66 + 71. Suppose -l*j + 4*t + 29 = t, t = j - 5. Let w(q) = -q + 5. Determine w(j).
-2
Let a(o) be the first derivative of -o**2/2 + o - 12. Let s(g) = -2*g + 1. Let m(f) = 13*a(f) - 6*s(f). Calculate m(-7).
14
Let q(u) = 249 + 5*u**3 - 3*u**3 - 248 - 3*u**3 + u. Suppose 3 + 1 = 2*f. What is q(f)?
-5
Let r(y) be the second derivative of -1/12*y**4 - 7/6*y**3 - 3/2*y**2 + 0 - 3*y. Calculate r(-7).
-3
Let y(o) = -98 + 39*o - 40*o + 76. Calculate y(-19).
-3
Let h(s) = -s**3 + 7*s**2 - 6*s + 3. Let t be h(6). Suppose t*g - 4 = 5. Let v(b) = -4*b**2 + 2*b**2 - 5*b - 3*b**g - 3*b**2 + 4*b**3 - 7. Determine v(6).
-1
Let i = -41 - -45. Let x(s) = 6 + 7 - i - 1 - 6*s**2 - s**3 + 7*s. Give x(-7).
8
Let d(i) = 116*i - 6. Let w(v) = 252*v - 12. Let p(z) = 13*d(z) - 6*w(z). Determine p(7).
-34
Let p(q) = -163*q - 6*q**2 - 160*q - q**3 + 317*q + 3. Give p(-3).
-6
Let l(y) = 17*y**2 + 52*y - 35. Let u(c) = 3*c**2 + 9*c - 7. Let n(v) = 2*l(v) - 11*u(v). Suppose 8*m = 4*m - 20. Calculate n(m).
7
Suppose 11*a - 72 = 610. Let t(i) = -2*i**2 + 35 - a + 34 + 7*i. Calculate t(6).
-23
Let i(v) = -5*v - 1. Let j(w) = 10*w + 9. Let p(t) = 3*i(t) + j(t). Calculate p(4).
-14
Let l(a) be the second derivative of a**4/3 + 3*a - 5. Give l(-2).
16
Let o(j) = j - 1. Let c(q) = -9*q - 6. Let m(k) = 26*k + 17. Let z(g) = -17*c(g) - 6*m(g). Let r(u) = 4*o(u) + z(u). What is r(3)?
-1
Let t(p) = -12*p**3 - 4*p**2 + 30*p + 29. Let v(y) = 5*y**3 + 2*y**2 - 13*y - 15. Let w(b) = 3*t(b) + 7*v(b). Calculate w(0).
-18
Let z(q) = -q**2 - 7*q - 6. Let d be z(-5). Let x = -122 + 122. Let t(h) = -83 - 2*h**2 - 79 + 166 + 5*h + x*h. Determine t(d).
-8
Let w be (-12)/(-18) + 20/6. Suppose 0*x = w*x. Let y(b) = b**2 + 6. Determine y(x).
6
Let v(o) = o + 20. Let r be v(-16). Let n(d) = -3 + r*d - 6*d + 0 + 0. Let p = 2 + -4. Determine n(p).
1
Let m(q) be the third derivative of q**8/20160 + q**7/630 + q**6/120 + q**5/5 + 9*q**2. Let p(n) be the third derivative of m(n). What is p(-7)?
-1
Suppose 3*o + 272 = -16. Let k = o + 93. Let q(v) = -v + 2. Calculate q(k).
5
Let c(g) be the third derivative of -g**5/60 - g**4/4 + 2*g**3/3 + 6*g**2. Suppose -5*u + 9 = -6. Suppose 0 = -3*f - 3*h, -5*f = -u*h + 34 + 6. What is c(f)?
9
Let p(m) = 4 - 1 + 4 - 14 + m**2. Determine p(0).
-7
Let a(u) = 39*u + u**2 - 31*u + 1 + 10. Let b be a(-5). Let q(i) = i + 1. Determine q(b).
-3
Let b(y) = 2*y**2 - 10*y - 13. Let q be b(6). Let h be -10*1*3/(-6)*q. Let n(j) = -j**3 - 5*j**2 - j - 7. Give n(h).
-2
Let i(r) be the third derivative of r**4/8 + r**3/3 - 2*r**2 - 50. What is i(-7)?
-19
Let o(m) = -7*m. Let x be -12 + 21 + -1 + (-3)/3. Give o(x).
-49
Let o(w) = 2*w**2 + 8 + w + 7 - 17 + 3*w**2. Let m(n) = n**2 - 1. Let k(u) = -4*m(u) + o(u). Suppose 4*g - 4 = 2*g. Give k(g).
8
Let a(i) = 5*i - 6 - 9 + 12 + 5*i. Give a(2).
17
Let k(f) be the first derivative of -f**7/280 + f**5/120 - f**4/24 - 31*f**3/3 + 3. Let l(n) be the third derivative of k(n). Give l(1).
-3
Let x be 1 - (-2 - (2 + -3)). Suppose -17 + 4 = x*p - 5*n, p - 5*n = -19. Let g(j) = j**2 - 5*j - 2. What is g(p)?
4
Suppose 14*u = -17*u - 31. Let d(k) = -23*k**2 + k. What is d(u)?
-24
Let n(m) = m**3 - 7*m**2 + m - 3. Suppose 3*r + 50*r - 371 = 0. Determine n(r).
4
Let i(r) = -10*r**3 + 43*r**2 + 14*r - 45. Let k(y) = -7*y**3 + 29*y**2 + 10*y - 30. Let p(g) = 5*i(g) - 7*k(g). Determine p(12).
-15
Let z(h) be the first derivative of -22 + 3/2*h**2 - 1/4*h**4 + 2*h**3 - 6*h. Calculate z(6).
12
Suppose 5*c + 7*c = 1224. Let h = -98 + c. Let v(j) = j**3 - 3*j**2 - 5*j. What is v(h)?
-4
Let w(y) = -4*y**2 + 5*y + 11. Let k(i) = i**2 - i - 1. Let t(m) = -5*k(m) - w(m). What is t(5)?
-31
Let m(r) = 2*r**2 - 10*r + 8. Let p be m(3). Let z(f) = f**3 + f**2 - 3. Let b(c) = -3*c**3 - 3*c**2 + 7. Let h(q) = p*b(q) - 10*z(q). What is h(-2)?
-6
Let w(n) = n**3 + 7*n**2 + 3. Suppose 4*h + 0 = 12. Suppose -3*r = 2*q + 15, 4*r + r + 44 = h*q. Give w(r).
3
Let m(v) = -v**2 + 5. Let b(i) = 2*i**2 - 7*i - 17. Let t(n) = -b(n) - 3*m(n). Calculate t(-6).
-4
Let z = -4 - -6. Let k(g) = -4*g + g + g - 7 - z. Determine k(-7).
5
Let w(h) = -5*h + 31. Let l be w(6). Suppose -l = 10*f + 9. Let o(t) be the first derivative of t**4/4 + t**3/3 + t**2 + t - 1. Calculate o(f).
-1
Let x(m) be the second derivative of 1/24*m**4 + 0*m**2 + 1/120*m**5 - m + 0 + 1/2*m**3. Let r(g) be the second derivative of x(g). What is r(1)?
2
Let h(y) = -3*y - 1. Let f(l) = -13*l - 5. Suppose 0 = -5*u + 15 + 30. Let o(d) = u*h(d) - 2*f(d). Let i = 3074 - 3070. Calculate o(i).
-3
Let l(k) = k + 12 - 12 + 2 + 5. Determine l(-8).
-1
Let o(z) = -z**3 - 18*z**2 + 2 - 6*z - 2 + 11*z**2 + 4. Calculate o(-5).
-16
Let n(w) be the third derivative of w**4/6 - w**3/6 + 53*w**2. Give n(-8).
-33
Let s(c) = 0*c**3 - c**2 - 150*c + 152*c - 1 + 4*c**3 - c**2. Let f(w) = -w**2 + 4*w. Let t be f(3). Let b = -2 + t. What is s(b)?
3
Let k(m) be the first derivative of 3*m**2/2 + 5*m + 430. Calculate k(9).
32
Let t(q) = -q**2 + 5. Let y(u) = 2*u - 2. Let z be y(2). Let f be -3 + 0 + z + 3. Suppose -x + 6 - f = 0. Determine t(x).
-11
Let r(m) = -m**2 + 6*m + 30. Let n be r(9). Let a = 0 + 0. Let l(d) = d**2 + a*d + n*d + d. Determine l(-6).
12
Let m(p) = -1 + 24*p**2 - 8*p**2 + 6*p**3 + 5*p - 14*p**2. Let d(f) = 5*f**3 + 2*f**2 + 4*f - 1. Let x(t) = 5*d(t) - 4*m(t). What is x(1)?
2
Let f be 0 + ((-69)/15 - 6/(-10)). Let c(b) = b**2 + 2*b + 4. Calculate c(f).
12
Let b(g) = g**3 + 5*g**2 + 3*g + 1. Suppose 3*t - 85 = -n, -2*t + t + 33 = 5*n. Suppose 0 = -6*m + 13*m + t. What is b(m)?
5
Suppose 0 = 38*c - 53*c + 75. Let h(a) = -2*a + 10. Determine h(c).
0
Suppose 4*h + 2*t = -32, 19*h - 16*h - 5*t + 24 = 0. Let l(u) = u**2 + 5*u - 4. Calculate l(h).
20
Let s be (0 - -1)/(1/(-7)). Let z(d) = -20*d**3 + 5*d**2 + 9*d + 9. Let h(n) = -33*n**3 + 11*n**2 + 17*n + 17. Let j(g) = -3*h(g) + 5*z(g). Determine j(s).
-13
Let y be ((-72)/63)/((-12)/42). Let b(o) = -o. What is b(y)?
-4
Let l(d) = -d**3 - 1. Let z(b) = 5*b**3 + b**2 + 3*b + 8. Let u(w) = 6*l(w) + z(w). Determine u(4).
-34
Let x(j) = -j. Suppose -37 = 6*m - 13. Let g(a) = 5*a + 7. Let v(o) = m*x(o) - g(o). Determine v(-3).
-4
Let p(v) = v + 1. Let h(s) = 3*s - 14. Let n be h(3). Let r be 0 + (-2 - 0) + 4. Let g = n + r. Give p(g).
-2
Let v(z) = z**2 - 14*z - 7. Let k(y) = 6*y + 3. Let d be k(2). Let t be v(d). Let x(f) = -f**3 + 7*f**2 + 8*f + 6. Calculate x